735323.
2735323
What are the prime factors of 8877305?
5, 89, 19949
List the prime factors of 6630116.
2, 389, 4261
List the prime factors of 4944046.
2, 2472023
What are the prime factors of 319758?
2, 3, 137, 389
List the prime factors of 2648905.
5, 7, 75683
What are the prime factors of 6727689?
3, 747521
List the prime factors of 32048595.
3, 5, 47, 5051
What are the prime factors of 528297?
3, 7, 11, 2287
List the prime factors of 152782.
2, 7, 1559
What are the prime factors of 200616?
2, 3, 13, 643
List the prime factors of 155891.
155891
What are the prime factors of 205356?
2, 3, 109, 157
What are the prime factors of 313903?
89, 3527
List the prime factors of 1685946.
2, 3, 19, 23, 643
What are the prime factors of 1348439?
89, 109, 139
What are the prime factors of 396081?
3, 7, 6287
List the prime factors of 1300362.
2, 3, 7, 4423
What are the prime factors of 5414255?
5, 7, 11, 41
What are the prime factors of 5298727?
7, 756961
List the prime factors of 733761.
3, 7, 19, 613
What are the prime factors of 282716?
2, 7, 23, 439
List the prime factors of 20678405.
5, 11, 375971
List the prime factors of 158180.
2, 5, 11, 719
What are the prime factors of 14696792?
2, 11, 167009
What are the prime factors of 7575714?
2, 3, 53, 2647
List the prime factors of 1610881.
67, 24043
List the prime factors of 24979614.
2, 3, 11, 29, 31, 421
List the prime factors of 461256.
2, 3, 19219
What are the prime factors of 16730395?
5, 11, 331, 919
List the prime factors of 1076290.
2, 5, 43, 2503
What are the prime factors of 832300?
2, 5, 7, 29, 41
What are the prime factors of 204846?
2, 3, 34141
List the prime factors of 442559.
13, 59, 577
What are the prime factors of 1674380?
2, 5, 83719
List the prime factors of 9082589.
19, 43, 11117
List the prime factors of 145748.
2, 83, 439
What are the prime factors of 10326477?
3, 7, 491737
List the prime factors of 3343092.
2, 3, 278591
What are the prime factors of 19811?
11, 1801
List the prime factors of 51934.
2, 23, 1129
List the prime factors of 579098.
2, 13, 22273
What are the prime factors of 16049945?
5, 659, 4871
What are the prime factors of 5113775?
5, 43, 67, 71
List the prime factors of 133054.
2, 71, 937
List the prime factors of 4426372.
2, 1106593
List the prime factors of 6288973.
109, 57697
List the prime factors of 15306249.
3, 7, 728869
List the prime factors of 297184.
2, 37, 251
List the prime factors of 284030.
2, 5, 28403
What are the prime factors of 3317445?
3, 5, 73721
What are the prime factors of 16592?
2, 17, 61
List the prime factors of 233146.
2, 43, 2711
List the prime factors of 615233.
615233
List the prime factors of 15896791.
37, 429643
List the prime factors of 779537.
11, 70867
List the prime factors of 2624469.
3, 874823
List the prime factors of 1321150.
2, 5, 26423
List the prime factors of 1970185.
5, 7, 181, 311
List the prime factors of 5967550.
2, 5, 41, 71
List the prime factors of 67185.
3, 5, 1493
What are the prime factors of 1579816?
2, 7, 28211
List the prime factors of 51856.
2, 7, 463
List the prime factors of 2449484.
2, 612371
What are the prime factors of 1100651?
19, 53, 1093
What are the prime factors of 928713?
3, 309571
List the prime factors of 868646.
2, 434323
List the prime factors of 2301993.
3, 85259
What are the prime factors of 330967?
7, 13, 3637
What are the prime factors of 4651?
4651
List the prime factors of 4179503.
661, 6323
What are the prime factors of 1653516?
2, 3, 23, 1997
List the prime factors of 710874.
2, 3, 73, 541
List the prime factors of 454948.
2, 13, 673
List the prime factors of 1030084.
2, 11, 41, 571
What are the prime factors of 182856?
2, 3, 19, 401
List the prime factors of 3751657.
7, 13, 41227
List the prime factors of 1738285.
5, 223, 1559
What are the prime factors of 1368097?
179, 7643
What are the prime factors of 244490?
2, 5, 23, 1063
What are the prime factors of 10803651?
3, 1049, 3433
List the prime factors of 1323003.
3, 11, 47, 853
What are the prime factors of 168806?
2, 11, 7673
List the prime factors of 507041.
271, 1871
List the prime factors of 2700003.
3, 900001
What are the prime factors of 3613489?
11, 89, 3691
What are the prime factors of 1995441?
3, 7, 95021
What are the prime factors of 156046?
2, 11, 41, 173
List the prime factors of 5008754.
2, 2504377
List the prime factors of 51500.
2, 5, 103
List the prime factors of 906736.
2, 56671
What are the prime factors of 699053?
699053
What are the prime factors of 5404437?
3, 491, 1223
What are the prime factors of 277333?
7, 39619
List the prime factors of 6289246.
2, 107, 29389
List the prime factors of 162570.
2, 3, 5, 5419
List the prime factors of 920526.
2, 3, 153421
List the prime factors of 67420.
2, 5, 3371
List the prime factors of 984576.
2, 3, 641
What are the prime factors of 452789?
19, 23831
List the prime factors of 354493.
83, 4271
What are the prime factors of 7763458?
2, 17, 228337
List the prime factors of 194744.
2, 11, 2213
What are the prime factors of 25623354?
2, 3, 4270559
What are the prime factors of 20839?
7, 13, 229
What are the prime factors of 2124848?
2, 11, 12073
List the prime factors of 1768957.
19, 93103
List the prime factors of 12224429.
7, 19, 107, 859
What are the prime factors of 1030913?
13, 79301
What are the prime factors of 90108?
2, 3, 2503
What are the prime factors of 5362984?
2, 11, 60943
What are the prime factors of 3419963?
3419963
What are the prime factors of 336905?
5, 43, 1567
List the prime factors of 553207.
553207
List the prime factors of 9019807.
73, 157, 787
List the prime factors of 3782589.
3, 31, 89, 457
List the prime factors of 3272193.
3, 363577
List the prime factors of 14585729.
43, 163, 2081
What are the prime factors of 6587444?
2, 1646861
List the prime factors of 212492.
2, 7, 7589
List the prime factors of 9234420.
2, 3, 5, 13, 11839
List the prime factors of 2600568.
2, 3, 19, 1901
List the prime factors of 132162.
2, 3, 22027
What are the prime factors of 197512?
2, 7, 3527
What are the prime factors of 2381914?
2, 149, 7993
List the prime factors of 129333.
3, 19, 2269
What are the prime factors of 4304483?
457, 9419
What are the prime factors of 7270887?
3, 13, 14341
List the prime factors of 233575.
5, 9343
List the prime factors of 1944201.
3, 7, 92581
List the prime factors of 3486952.
2, 7, 71, 877
What are the prime factors of 10205665?
5, 31, 65843
List the prime factors of 117967.
23, 223
List the prime factors of 2654086.
2, 1327043
What are the prime factors of 30546075?
3, 5, 7, 83, 701
List the prime factors of 6268065.
3, 5, 103, 4057
List the prime factors of 456424.
2, 59, 967
What are the prime factors of 29610971?
13, 2277767
List the prime factors of 1291814.
2, 645907
List the prime factors of 10649419.
11, 743, 1303
What are the prime factors of 14900633?
11, 1354603
What are the prime factors of 3473150?
2, 5, 69463
What are the prime factors of 117100?
2, 5, 1171
What are the prime factors of 462424?
2, 57803
List the prime factors of 574164.
2, 3, 41, 389
What are the prime factors of 2424122?
2, 1212061
What are the prime factors of 1286347?
941, 1367
List the prime factors of 160526.
2, 80263
What are the prime factors of 3551195?
5, 19, 29, 1289
List the prime factors of 3385640.
2, 5, 53, 1597
What are the prime factors of 354757?
13, 29, 941
List the prime factors of 702637.
13, 54049
List the prime factors of 1527505.
5, 7, 19, 2297
List the prime factors of 556454.
2, 278227
What are the prime factors of 382837?
7, 13, 601
What are the prime factors of 925051?
925051
What are the prime factors of 9531745?
5, 59, 79, 409
List the prime factors of 771587.
771587
List the prime factors of 473061.
3, 137, 1151
What are the prime factors of 18431685?
3, 5, 136531
What are the prime factors of 7445?
5, 1489
List the prime factors of 2073800.
2, 5, 10369
List the prime factors of 5866598.
2, 17, 109, 1583
What are the prime factors of 639524?
2, 61, 2621
List the prime factors of 1709638.
2, 7, 122117
List the prime factors of 12806176.
2, 157, 2549
List the prime factors of 183688.
2, 22961
List the prime factors of 5329484.
2, 1332371
List the prime factors of 672427.
7, 13723
What are the prime factors of 574586?
2, 23, 1